{"id":5003,"date":"2024-04-11T14:18:30","date_gmt":"2024-04-11T12:18:30","guid":{"rendered":"https:\/\/sun-garden.eu\/fundusze-europejskie\/"},"modified":"2024-04-11T14:19:52","modified_gmt":"2024-04-11T12:19:52","slug":"fundusze-europejskie","status":"publish","type":"page","link":"https:\/\/sun-garden.eu\/en\/fundusze-europejskie\/","title":{"rendered":"Fundusze Europejskie"},"content":{"rendered":"\t\t<div data-elementor-type=\"wp-page\" data-elementor-id=\"5003\" class=\"elementor elementor-5003 elementor-4994\" data-elementor-post-type=\"page\">\n\t\t\t\t<div class=\"elementor-element elementor-element-1335609 e-flex e-con-boxed e-con e-parent\" data-id=\"1335609\" data-element_type=\"container\" data-e-type=\"container\">\n\t\t\t\t\t<div class=\"e-con-inner\">\n\t\t\t\t<div class=\"elementor-element elementor-element-d77b4cc elementor-widget elementor-widget-heading\" data-id=\"d77b4cc\" data-element_type=\"widget\" data-e-type=\"widget\" data-widget_type=\"heading.default\">\n\t\t\t\t<div class=\"elementor-widget-container\">\n\t\t\t\t\t<h2 class=\"elementor-heading-title elementor-size-default\">Fundusze Europejskie<\/h2>\t\t\t\t<\/div>\n\t\t\t\t<\/div>\n\t\t\t\t<div class=\"elementor-element elementor-element-30c25db elementor-widget elementor-widget-text-editor\" data-id=\"30c25db\" data-element_type=\"widget\" data-e-type=\"widget\" data-widget_type=\"text-editor.default\">\n\t\t\t\t<div class=\"elementor-widget-container\">\n\t\t\t\t\t\t\t\t\t<p>SUN GARDEN POLSKA SP\u00d3\u0141KA Z OGRANICZON\u0104 ODPOWIEDZIALNO\u015aCI\u0104 SP\u00d3\u0141KA KOMANDYTOWA realizuje projekt dofinansowany z Funduszy Europejskich w ramach Programu Operacyjnego Inteligentny Rozw\u00f3j 2014-2020, PODDZIA\u0141ANIE 1.1.1. &#8220;Badania przemys\u0142owe i prace rozwojowe realizowane przez przedsi\u0119biorstwa&#8221;.<br \/>Celem projektu jest opracowanie technologii i prototypowej linii do produkcji podzespo\u0142\u00f3w mebli w ci\u0105g\u0142ym procesie technologicznym pozwalaj\u0105cym na zwi\u0119kszenie produktywno\u015bci, wydajno\u015bci i jako\u015bci produkowanych wyrob\u00f3w.<\/p>\n<p>Rezultat projektu jest odpowiedzi\u0105 na ogromne zapotrzebowanie ze strony odbiorc\u00f3w, zaobserwowane przez Zarz\u0105d Sun Garden Polska, kt\u00f3rych dowodem s\u0105 liczne zapytania i listy intencyjne dotycz\u0105ce popytu na rozwi\u0105zania zwi\u0119kszaj\u0105ce wydajno\u015b\u0107 procesu technologicznego, zwi\u0119kszaj\u0105ce jako\u015b\u0107 produkowanych wyrob\u00f3w, ich unifikacj\u0119, a tak\u017ce zmniejszenie pracoch\u0142onno\u015bci procesowej i jednocze\u015bnie oszcz\u0119dno\u015bci materia\u0142owej w wyniku realizacji bada\u0144 przemys\u0142owych i prac rozwojowych.<br \/>Wnioskodawca wdro\u017cy do w\u0142asnej dzia\u0142alno\u015bci innowacj\u0119 procesow\u0105, polegaj\u0105c\u0105 na zautomatyzowaniu i zrobotyzowaniu proces\u00f3w produkcyjnych mebli tapicerowanych.<br \/>W wyniku realizacji projektu zostanie opracowana innowacja procesowa w postaci zautomatyzowanego sposobu wytwarzania ram tapicerskich.<\/p>\n<p>Warto\u015b\u0107 projektu: 31 186 117.81 z\u0142<br \/>Warto\u015b\u0107 dofinansowania: 12 752 567.25 z\u0142<br \/>Okres realizacji w latach: 01.04.2020 &#8211; 30.11.2022  <\/p>\n\t\t\t\t\t\t\t\t<\/div>\n\t\t\t\t<\/div>\n\t\t\t\t\t<\/div>\n\t\t\t\t<\/div>\n\t\t<div class=\"elementor-element elementor-element-93e900f e-flex e-con-boxed e-con e-parent\" data-id=\"93e900f\" data-element_type=\"container\" data-e-type=\"container\">\n\t\t\t\t\t<div class=\"e-con-inner\">\n\t\t\t\t<div class=\"elementor-element elementor-element-0b4a256 elementor-widget elementor-widget-image\" data-id=\"0b4a256\" data-element_type=\"widget\" data-e-type=\"widget\" data-widget_type=\"image.default\">\n\t\t\t\t<div class=\"elementor-widget-container\">\n\t\t\t\t\t\t\t\t\t\t\t\t\t\t\t<img fetchpriority=\"high\" decoding=\"async\" data-attachment-id=\"4997\" data-permalink=\"https:\/\/sun-garden.eu\/en\/fundusze-europejskie\/oznaczenia-logo-eu-2\/\" data-orig-file=\"https:\/\/i0.wp.com\/sun-garden.eu\/wp-content\/uploads\/2024\/04\/oznaczenia-logo-eu.webp?fit=1140%2C117&amp;ssl=1\" data-orig-size=\"1140,117\" data-comments-opened=\"1\" data-image-meta=\"{&quot;aperture&quot;:&quot;0&quot;,&quot;credit&quot;:&quot;&quot;,&quot;camera&quot;:&quot;&quot;,&quot;caption&quot;:&quot;&quot;,&quot;created_timestamp&quot;:&quot;0&quot;,&quot;copyright&quot;:&quot;&quot;,&quot;focal_length&quot;:&quot;0&quot;,&quot;iso&quot;:&quot;0&quot;,&quot;shutter_speed&quot;:&quot;0&quot;,&quot;title&quot;:&quot;&quot;,&quot;orientation&quot;:&quot;0&quot;}\" data-image-title=\"oznaczenia-logo-eu\" data-image-description=\"\" data-image-caption=\"\" data-large-file=\"https:\/\/i0.wp.com\/sun-garden.eu\/wp-content\/uploads\/2024\/04\/oznaczenia-logo-eu.webp?fit=800%2C82&amp;ssl=1\" width=\"800\" height=\"82\" src=\"https:\/\/i0.wp.com\/sun-garden.eu\/wp-content\/uploads\/2024\/04\/oznaczenia-logo-eu.webp?fit=800%2C82&amp;ssl=1\" class=\"attachment-large size-large wp-image-4997\" alt=\"\" srcset=\"https:\/\/i0.wp.com\/sun-garden.eu\/wp-content\/uploads\/2024\/04\/oznaczenia-logo-eu.webp?w=1140&amp;ssl=1 1140w, https:\/\/i0.wp.com\/sun-garden.eu\/wp-content\/uploads\/2024\/04\/oznaczenia-logo-eu.webp?resize=300%2C31&amp;ssl=1 300w, https:\/\/i0.wp.com\/sun-garden.eu\/wp-content\/uploads\/2024\/04\/oznaczenia-logo-eu.webp?resize=1024%2C105&amp;ssl=1 1024w, https:\/\/i0.wp.com\/sun-garden.eu\/wp-content\/uploads\/2024\/04\/oznaczenia-logo-eu.webp?resize=768%2C79&amp;ssl=1 768w, https:\/\/i0.wp.com\/sun-garden.eu\/wp-content\/uploads\/2024\/04\/oznaczenia-logo-eu.webp?resize=60%2C6&amp;ssl=1 60w, https:\/\/i0.wp.com\/sun-garden.eu\/wp-content\/uploads\/2024\/04\/oznaczenia-logo-eu.webp?resize=600%2C62&amp;ssl=1 600w\" sizes=\"(max-width: 800px) 100vw, 800px\" data-attachment-id=\"4997\" data-permalink=\"https:\/\/sun-garden.eu\/en\/fundusze-europejskie\/oznaczenia-logo-eu-2\/\" data-orig-file=\"https:\/\/i0.wp.com\/sun-garden.eu\/wp-content\/uploads\/2024\/04\/oznaczenia-logo-eu.webp?fit=1140%2C117&amp;ssl=1\" data-orig-size=\"1140,117\" data-comments-opened=\"1\" data-image-meta=\"{&quot;aperture&quot;:&quot;0&quot;,&quot;credit&quot;:&quot;&quot;,&quot;camera&quot;:&quot;&quot;,&quot;caption&quot;:&quot;&quot;,&quot;created_timestamp&quot;:&quot;0&quot;,&quot;copyright&quot;:&quot;&quot;,&quot;focal_length&quot;:&quot;0&quot;,&quot;iso&quot;:&quot;0&quot;,&quot;shutter_speed&quot;:&quot;0&quot;,&quot;title&quot;:&quot;&quot;,&quot;orientation&quot;:&quot;0&quot;}\" data-image-title=\"oznaczenia-logo-eu\" data-image-description=\"\" data-image-caption=\"\" data-large-file=\"https:\/\/i0.wp.com\/sun-garden.eu\/wp-content\/uploads\/2024\/04\/oznaczenia-logo-eu.webp?fit=800%2C82&amp;ssl=1\" \/>\t\t\t\t\t\t\t\t\t\t\t\t\t\t\t<\/div>\n\t\t\t\t<\/div>\n\t\t\t\t\t<\/div>\n\t\t\t\t<\/div>\n\t\t\t\t<\/div>\n\t\t","protected":false},"excerpt":{"rendered":"<p>Fundusze Europejskie SUN GARDEN POLSKA SP\u00d3\u0141KA Z OGRANICZON\u0104 ODPOWIEDZIALNO\u015aCI\u0104 SP\u00d3\u0141KA KOMANDYTOWA realizuje projekt dofinansowany z Funduszy Europejskich w ramach Programu Operacyjnego Inteligentny Rozw\u00f3j 2014-2020, PODDZIA\u0141ANIE 1.1.1. &#8220;Badania przemys\u0142owe i prace rozwojowe realizowane przez przedsi\u0119biorstwa&#8221;.&lt;br \/&gt;Celem projektu jest opracowanie technologii i prototypowej linii do produkcji podzespo\u0142\u00f3w mebli w ci\u0105g\u0142ym procesie technologicznym pozwalaj\u0105cym na zwi\u0119kszenie produktywno\u015bci, wydajno\u015bci [&hellip;]<\/p>\n","protected":false},"author":245903545,"featured_media":0,"parent":0,"menu_order":0,"comment_status":"closed","ping_status":"closed","template":"","meta":{"_acf_changed":false,"advanced_seo_description":"","jetpack_seo_html_title":"","jetpack_seo_noindex":false,"footnotes":""},"class_list":["post-5003","page","type-page","status-publish","hentry"],"acf":[],"jetpack_shortlink":"https:\/\/wp.me\/PftNud-1iH","jetpack_sharing_enabled":true,"_links":{"self":[{"href":"https:\/\/sun-garden.eu\/en\/wp-json\/wp\/v2\/pages\/5003","targetHints":{"allow":["GET"]}}],"collection":[{"href":"https:\/\/sun-garden.eu\/en\/wp-json\/wp\/v2\/pages"}],"about":[{"href":"https:\/\/sun-garden.eu\/en\/wp-json\/wp\/v2\/types\/page"}],"author":[{"embeddable":true,"href":"https:\/\/sun-garden.eu\/en\/wp-json\/wp\/v2\/users\/245903545"}],"replies":[{"embeddable":true,"href":"https:\/\/sun-garden.eu\/en\/wp-json\/wp\/v2\/comments?post=5003"}],"version-history":[{"count":1,"href":"https:\/\/sun-garden.eu\/en\/wp-json\/wp\/v2\/pages\/5003\/revisions"}],"predecessor-version":[{"id":5004,"href":"https:\/\/sun-garden.eu\/en\/wp-json\/wp\/v2\/pages\/5003\/revisions\/5004"}],"wp:attachment":[{"href":"https:\/\/sun-garden.eu\/en\/wp-json\/wp\/v2\/media?parent=5003"}],"curies":[{"name":"wp","href":"https:\/\/api.w.org\/{rel}","templated":true}]}}

<div data-elementor-type="wp-page" data-elementor-id="5003" class="elementor elementor-5003 elementor-4994" data-elementor-post-type="page">
				<div class="elementor-element elementor-element-1335609 e-flex e-con-boxed e-con e-parent" data-id="1335609" data-element_type="container" data-e-type="container">
					<div class="e-con-inner">
				<div class="elementor-element elementor-element-d77b4cc elementor-widget elementor-widget-heading" data-id="d77b4cc" data-element_type="widget" data-e-type="widget" data-widget_type="heading.default">
				<div class="elementor-widget-container">
					<h2 class="elementor-heading-title elementor-size-default">Fundusze Europejskie</h2>				</div>
				</div>
				<div class="elementor-element elementor-element-30c25db elementor-widget elementor-widget-text-editor" data-id="30c25db" data-element_type="widget" data-e-type="widget" data-widget_type="text-editor.default">
				<div class="elementor-widget-container">
									<p>SUN GARDEN POLSKA SPÓŁKA Z OGRANICZONĄ ODPOWIEDZIALNOŚCIĄ SPÓŁKA KOMANDYTOWA realizuje projekt dofinansowany z Funduszy Europejskich w ramach Programu Operacyjnego Inteligentny Rozwój 2014-2020, PODDZIAŁANIE 1.1.1. &#8220;Badania przemysłowe i prace rozwojowe realizowane przez przedsiębiorstwa&#8221;.<br />Celem projektu jest opracowanie technologii i prototypowej linii do produkcji podzespołów mebli w ciągłym procesie technologicznym pozwalającym na zwiększenie produktywności, wydajności i jakości produkowanych wyrobów.</p>
<p>Rezultat projektu jest odpowiedzią na ogromne zapotrzebowanie ze strony odbiorców, zaobserwowane przez Zarząd Sun Garden Polska, których dowodem są liczne zapytania i listy intencyjne dotyczące popytu na rozwiązania zwiększające wydajność procesu technologicznego, zwiększające jakość produkowanych wyrobów, ich unifikację, a także zmniejszenie pracochłonności procesowej i jednocześnie oszczędności materiałowej w wyniku realizacji badań przemysłowych i prac rozwojowych.<br />Wnioskodawca wdroży do własnej działalności innowację procesową, polegającą na zautomatyzowaniu i zrobotyzowaniu procesów produkcyjnych mebli tapicerowanych.<br />W wyniku realizacji projektu zostanie opracowana innowacja procesowa w postaci zautomatyzowanego sposobu wytwarzania ram tapicerskich.</p>
<p>Wartość projektu: 31 186 117.81 zł<br />Wartość dofinansowania: 12 752 567.25 zł<br />Okres realizacji w latach: 01.04.2020 &#8211; 30.11.2022  </p>
								</div>
				</div>
					</div>
				</div>
		<div class="elementor-element elementor-element-93e900f e-flex e-con-boxed e-con e-parent" data-id="93e900f" data-element_type="container" data-e-type="container">
					<div class="e-con-inner">
				<div class="elementor-element elementor-element-0b4a256 elementor-widget elementor-widget-image" data-id="0b4a256" data-element_type="widget" data-e-type="widget" data-widget_type="image.default">
				<div class="elementor-widget-container">
															<img fetchpriority="high" decoding="async" data-attachment-id="4997" data-permalink="https://sun-garden.eu/en/fundusze-europejskie/oznaczenia-logo-eu-2/" data-orig-file="https://i0.wp.com/sun-garden.eu/wp-content/uploads/2024/04/oznaczenia-logo-eu.webp?fit=1140%2C117&amp;ssl=1" data-orig-size="1140,117" data-comments-opened="1" data-image-meta="{&quot;aperture&quot;:&quot;0&quot;,&quot;credit&quot;:&quot;&quot;,&quot;camera&quot;:&quot;&quot;,&quot;caption&quot;:&quot;&quot;,&quot;created_timestamp&quot;:&quot;0&quot;,&quot;copyright&quot;:&quot;&quot;,&quot;focal_length&quot;:&quot;0&quot;,&quot;iso&quot;:&quot;0&quot;,&quot;shutter_speed&quot;:&quot;0&quot;,&quot;title&quot;:&quot;&quot;,&quot;orientation&quot;:&quot;0&quot;}" data-image-title="oznaczenia-logo-eu" data-image-description="" data-image-caption="" data-large-file="https://i0.wp.com/sun-garden.eu/wp-content/uploads/2024/04/oznaczenia-logo-eu.webp?fit=800%2C82&amp;ssl=1" width="800" height="82" src="https://i0.wp.com/sun-garden.eu/wp-content/uploads/2024/04/oznaczenia-logo-eu.webp?fit=800%2C82&amp;ssl=1" class="attachment-large size-large wp-image-4997" alt="" srcset="https://i0.wp.com/sun-garden.eu/wp-content/uploads/2024/04/oznaczenia-logo-eu.webp?w=1140&amp;ssl=1 1140w, https://i0.wp.com/sun-garden.eu/wp-content/uploads/2024/04/oznaczenia-logo-eu.webp?resize=300%2C31&amp;ssl=1 300w, https://i0.wp.com/sun-garden.eu/wp-content/uploads/2024/04/oznaczenia-logo-eu.webp?resize=1024%2C105&amp;ssl=1 1024w, https://i0.wp.com/sun-garden.eu/wp-content/uploads/2024/04/oznaczenia-logo-eu.webp?resize=768%2C79&amp;ssl=1 768w, https://i0.wp.com/sun-garden.eu/wp-content/uploads/2024/04/oznaczenia-logo-eu.webp?resize=60%2C6&amp;ssl=1 60w, https://i0.wp.com/sun-garden.eu/wp-content/uploads/2024/04/oznaczenia-logo-eu.webp?resize=600%2C62&amp;ssl=1 600w" sizes="(max-width: 800px) 100vw, 800px" data-attachment-id="4997" data-permalink="https://sun-garden.eu/en/fundusze-europejskie/oznaczenia-logo-eu-2/" data-orig-file="https://i0.wp.com/sun-garden.eu/wp-content/uploads/2024/04/oznaczenia-logo-eu.webp?fit=1140%2C117&amp;ssl=1" data-orig-size="1140,117" data-comments-opened="1" data-image-meta="{&quot;aperture&quot;:&quot;0&quot;,&quot;credit&quot;:&quot;&quot;,&quot;camera&quot;:&quot;&quot;,&quot;caption&quot;:&quot;&quot;,&quot;created_timestamp&quot;:&quot;0&quot;,&quot;copyright&quot;:&quot;&quot;,&quot;focal_length&quot;:&quot;0&quot;,&quot;iso&quot;:&quot;0&quot;,&quot;shutter_speed&quot;:&quot;0&quot;,&quot;title&quot;:&quot;&quot;,&quot;orientation&quot;:&quot;0&quot;}" data-image-title="oznaczenia-logo-eu" data-image-description="" data-image-caption="" data-large-file="https://i0.wp.com/sun-garden.eu/wp-content/uploads/2024/04/oznaczenia-logo-eu.webp?fit=800%2C82&amp;ssl=1" />															</div>
				</div>
					</div>
				</div>
				</div>

<p>Fundusze Europejskie SUN GARDEN POLSKA SPÓŁKA Z OGRANICZONĄ ODPOWIEDZIALNOŚCIĄ SPÓŁKA KOMANDYTOWA realizuje projekt dofinansowany z Funduszy Europejskich w ramach Programu Operacyjnego Inteligentny Rozwój 2014-2020, PODDZIAŁANIE 1.1.1. &#8220;Badania przemysłowe i prace rozwojowe realizowane przez przedsiębiorstwa&#8221;.&lt;br /&gt;Celem projektu jest opracowanie technologii i prototypowej linii do produkcji podzespołów mebli w ciągłym procesie technologicznym pozwalającym na zwiększenie produktywności, wydajności [&hellip;]</p>
